 factor of r and 15.
15
Let f(u) = 2*u**2 + 7*u + 9. Let l be f(-10). Let i = -126 + l. Suppose 2*v - 234 = -4*v. What is the highest common factor of v and i?
13
Let d be 1/(-4 + 3) - (-7 + -3). Calculate the highest common factor of 45 and d.
9
Let y be (-1)/5*(3 - -2) + 120. Let h = y + -20. What is the greatest common divisor of 33 and h?
33
Let d = -287 - -292. Let t be -7 + 940/d - 6. What is the highest common factor of 21 and t?
7
Let o = 1015 + -869. What is the greatest common factor of o and 50?
2
Let x be (-13)/4*(2*2)/(-1). Let k = -5 + x. Let r be 130/k - 15/60. What is the greatest common factor of 16 and r?
16
Suppose 7*h - 121 = -44. Suppose 0 = 13*j - h*j - 150. Calculate the highest common divisor of j and 175.
25
Suppose 10628 = -z + 10684. Let r be (-4)/3*24/(-4). Calculate the highest common divisor of r and z.
8
Let t = -8727 - -8934. What is the greatest common divisor of 713 and t?
23
Suppose -3499*f = -3470*f - 6032. Suppose -y - 3 = -5. Let t be y/7 + (-180)/(-7). What is the highest common factor of t and f?
26
Let i = -14574 + 18084. Calculate the greatest common divisor of i and 1040.
130
Let j = 33 - -2. Let m be ((-1008)/j)/((-6)/40). Let z = 33865 - 33853. What is the greatest common factor of m and z?
12
Let a(h) = -h**2 - 3*h - 1. Let z be a(-3). Let u be (-13)/(26/28 + z). What is the highest common divisor of u and 14?
14
Suppose -26*o + 393 = -25*o - 5*f, 2*f + 2246 = 6*o. Calculate the highest common factor of o and 1.
1
Let w = -3495 + 4839. Calculate the greatest common factor of w and 441.
21
Suppose -2*a - 10*v + 6*v + 6626 = 0, -4*v + 20 = 0. Calculate the highest common factor of 9 and a.
9
Suppose 5*n = -4*s + 351 + 653, -644 = -3*n + 8*s. What is the highest common factor of 5168 and n?
68
Let p = -976 - -1466. Let j(k) = 2*k**2 - 30*k - 102. Let b be j(-5). What is the highest common divisor of p and b?
98
Let o(c) = 4*c**3 + 466*c**2 + 178*c - 123. Let p be o(-116). Calculate the greatest common factor of p and 138.
69
Suppose -5*n - 5 = -2*y + 23, 16 = -4*n. Let q be (-11 - -1)/(y/(-32)). What is the greatest common factor of q and 64?
16
Let w(o) = -2*o**3 + 44*o**2 - 41*o + 64. Let q be w(21). Let d = -8 - -13. Suppose -94 - 76 = -d*v. Calculate the greatest common divisor of q and v.
17
Suppose -150 = -5*l - 10*l. Suppose 43 = 5*s - i, 2*s + 7*i = 5*i + l. Calculate the highest common divisor of 176 and s.
8
Let y(p) = 14*p**2 + 21*p - 124. Let s be y(16). What is the greatest common divisor of 52 and s?
52
Suppose 3*x = -6, s = 4*x - 0*x + 9. Suppose 4*r - 17 + s = 0. Let z = -310 - -312. Calculate the greatest common divisor of z and r.
2
Suppose -2*q + 16 = -6*q. Let u be (1 + 0)*q - -13. Let g = 6 - -57. Calculate the greatest common divisor of u and g.
9
Let w be 58821/56 + 10/(640/(-24)). Calculate the greatest common factor of w and 600.
150
Suppose 435 = 1198*b - 1193*b. Let t = b - 11. What is the highest common divisor of t and 760?
76
Suppose -6*p = -70009 - 10337. Let z be p/49 - -6 - 4/14. What is the highest common factor of 9 and z?
9
Let l(d) = 5*d**2 + 14*d + 174. Let p be l(0). Calculate the greatest common divisor of 464 and p.
58
Suppose 2*k = -19*k + 945. What is the highest common factor of k and 210?
15
Suppose -4*j = -3*h - 35 - 8, 3*j + 5*h = -4. Let x be (181 - (2 + -9)) + j. What is the greatest common divisor of 325 and x?
65
Suppose -69 = 4*a - 1. Let j(s) = -s**2 - 20*s - 33. Let x be j(a). Let k(q) = -9*q - 54. Let f be k(-16). Calculate the highest common divisor of f and x.
18
Suppose 2*t + 7 = 5*n - 17, 2*n = -3*t + 2. Suppose 4*x = -n*v + 281 + 387, 0 = 2*v - 4*x - 322. Calculate the highest common factor of v and 15.
15
Let o(v) = -v + 18. Let y be o(13). Suppose 5*c - 30 = -y*m, -34 = -5*c - 7*m + 3*m. Calculate the highest common factor of 2 and c.
2
Suppose -31*x - 66 = -4. Let i be (x - (-7)/2)/(60/40960). Calculate the highest common divisor of i and 16.
16
Let a = 121 + -84. Let i = -13 + a. Let v = 28 - i. Calculate the highest common divisor of v and 20.
4
Suppose 4*p = 14*p - 40. Suppose -11*d + 15*d - 221 = -5*g, 3*d + p*g = 166. What is the highest common factor of d and 126?
18
Suppose -3*n - 2*u = -7*u - 784, 6 = -3*u. What is the highest common factor of n and 78?
6
Let b be 1*-1*(0 + 4 + -7). Suppose -6*k = -b*k - 405. Suppose 3*j + 3*m = k, 5*m + 6 = 31. Calculate the highest common divisor of j and 20.
20
Let m be 16/36 + 1612/18. What is the greatest common divisor of m and 10?
10
Let k = 32178 + -32169. Calculate the highest common divisor of 2160 and k.
9
Let u(p) = p**2 - 5*p - 4. Let g be u(6). Suppose -5*v + 4*f = -89, -4*f - 24 - g = -2*v. Calculate the highest common divisor of v and 147.
21
Let i(l) = 2*l**3 + 367*l - 733. Let t be i(2). Calculate the highest common divisor of 4352 and t.
17
Let s be (-21)/(-8 - -29) + 1331 + -2. What is the highest common divisor of s and 1079?
83
Let d be (-6 - -6) + -1 + 4/1. Let p(m) = -6 + 6*m + 8*m**2 - 8 + 6*m - 14*m - m**d. Let o be p(7). Calculate the highest common factor of o and 42.
21
Let d be 206/6 + 2/3. Let p = -19275 - -19280. What is the highest common factor of p and d?
5
Let h(p) = 70*p - 638. Let a be h(13). Calculate the greatest common divisor of 192 and a.
16
Let i(k) = 24*k + 2541. Let r be i(-105). Calculate the greatest common factor of 2457 and r.
21
Let c be (-57 - -56)*8/(-2). Let l(t) = -13*t + 7. Let z be l(0). What is the greatest common factor of c and z?
1
Let k(d) = 88*d + 1941. Let r be k(-22). Suppose 3*a - 245 = -5*s, 4*a = 3*a + 4*s + 76. What is the greatest common divisor of r and a?
5
Let i(u) = -u**3 - 5*u**2 + 20*u - 39. Let h be i(-9). Calculate the highest common divisor of 112 and h.
7
Suppose 0 = -x - 3*y - 61, 3*x - 3*y + 135 = -0*x. Suppose 2*s - a = -31 - 86, 2*s = 5*a - 137. Let w = x - s. What is the greatest common divisor of w and 35?
7
Let g(u) = 5*u - 18. Let c be g(7). Suppose 8*b = 79 + c. What is the highest common divisor of b and 12?
12
Suppose -u + 2 = -0. Suppose 4*s + 8 = i - s, 4*i = 3*s - u. Let j be (-2 + 20/8)/(i/(-52)). What is the highest common divisor of j and 117?
13
Let n(f) = f**3 - 62*f**2 + 11*f - 231. Let c be n(62). Calculate the greatest common divisor of c and 123.
41
Suppose -75*l = 223*l - 83440. What is the highest common divisor of 2135 and l?
35
Let v(t) = -57*t + 8320. Let d be v(144). What is the greatest common divisor of 4298 and d?
14
Let z(f) = -f**3 - 22*f**2 + 4*f + 43. Let r be z(-22). Let n be (148/(-5))/(9 - (-408)/r). Calculate the highest common factor of 48 and n.
12
Let v be (-18)/(-8) + 461341/556. What is the greatest common divisor of v and 13?
13
Let o be (-6 + (-35)/15)/(3 + 236/(-78)). What is the highest common factor of 117 and o?
13
Suppose -2*k + 36 = 2*y, y + 26 - 16 = k. What is the highest common divisor of 5726 and k?
14
Let q be 7764219/5862 - ((-11)/(-2) - 1). Calculate the greatest common factor of 112 and q.
8
Suppose -5*r - y + 9209 + 42856 = 0, 2*y - 31232 = -3*r. Calculate the greatest common factor of 254 and r.
254
Let b = -2 - -67. Let s = b - 50. Let a = 91 + -61. Calculate the greatest common divisor of a and s.
15
Let k = -66 - -73. Suppose 16*l = k*l + 18. What is the highest common divisor of 2 and l?
2
Suppose -5*r + 6084 = 5*a - 2881, -3*a = 2*r - 5377. Let f be 1 + a/(7 + 2). What is the highest common divisor of 16 and f?
8
Let d(a) = -a**3 + 36*a**2 - 38*a - 1602. Let y be d(32). Calculate the greatest common divisor of 738 and y.
18
Let i(f) = f**3 - 18*f - 8*f**2 + 0*f**2 + 16 + 2*f**3 - 2*f**3. Let b be i(10). Calculate the highest common divisor of b and 18.
18
Let c be 0 + 0 + (90 - -901). Suppose -3*a + 3*m = -1112 + 119, 4*m + c = 3*a. Let s = -38 + 75. Calculate the highest common factor of s and a.
37
Suppose -i = -6, 4*i = 5*p - 1166 - 2325. Let m(a) = -17*a + 3. Let c be m(-2). Calculate the highest common divisor of c and p.
37
Let c(g) = -g**2 - 29*g + 6. Let m be c(15). Let u = m + 694. What is the highest common factor of u and 128?
8
Suppose 4440 = 22*s - 1148. Suppose 7*q - 4*l - 952 = 3*q, q + 3*l = s. Calculate the highest common factor of 2 and q.
2
Suppose 4*v - 128*u = -131*u + 75, u + 17 = v. Calculate the greatest common divisor of v 